
Calculate the highest common factor of 1679 and 5329.
73
What is the highest common factor of 8868 and 12?
12
Calculate the highest common factor of 74 and 4625.
37
Calculate the greatest common divisor of 686 and 882.
98
Calculate the greatest common divisor of 7 and 2688.
7
Calculate the greatest common factor of 5155 and 5.
5
Calculate the greatest common factor of 116 and 2784.
116
Calculate the highest common divisor of 693 and 22.
11
Calculate the highest common factor of 4796 and 11.
11
Calculate the greatest common factor of 235 and 188.
47
What is the highest common factor of 37214 and 46?
46
What is the highest common divisor of 6 and 273?
3
Calculate the greatest common factor of 98 and 126.
14
Calculate the highest common divisor of 60 and 20.
20
Calculate the highest common factor of 1701 and 252.
63
What is the highest common factor of 10965 and 430?
215
Calculate the highest common factor of 19679 and 11.
11
Calculate the greatest common divisor of 16 and 176.
16
Calculate the greatest common divisor of 897 and 351.
39
What is the highest common divisor of 1476 and 36?
36
What is the highest common divisor of 143 and 1287?
143
Calculate the highest common factor of 41 and 1025.
41
Calculate the greatest common factor of 136 and 153.
17
What is the greatest common factor of 60 and 16?
4
Calculate the greatest common factor of 6 and 42.
6
What is the highest common divisor of 79 and 7663?
79
What is the greatest common divisor of 18 and 6912?
18
Calculate the greatest common divisor of 48 and 144.
48
What is the greatest common divisor of 11 and 1650?
11
What is the highest common factor of 46 and 483?
23
Calculate the greatest common divisor of 3 and 2.
1
What is the greatest common factor of 2015 and 620?
155
Calculate the highest common factor of 2759 and 89.
89
Calculate the greatest common divisor of 272 and 16.
16
Calculate the highest common factor of 19 and 1349.
19
What is the highest common divisor of 129 and 688?
43
What is the greatest common factor of 253 and 44?
11
Calculate the highest common factor of 1056 and 36.
12
What is the highest common divisor of 14828 and 44?
44
Calculate the greatest common factor of 94 and 4.
2
Calculate the greatest common divisor of 50 and 4.
2
Calculate the highest common divisor of 50 and 650.
50
Calculate the greatest common factor of 6 and 816.
6
What is the highest common factor of 364 and 28?
28
Calculate the highest common divisor of 100 and 8.
4
What is the greatest common factor of 385 and 1365?
35
Calculate the greatest common factor of 352 and 11.
11
What is the greatest common divisor of 58 and 116?
58
What is the greatest common factor of 222 and 296?
74
Calculate the greatest common factor of 14 and 182.
14
What is the greatest common factor of 580 and 60?
20
What is the highest common factor of 140 and 1995?
35
Calculate the greatest common divisor of 250 and 2050.
50
Calculate the highest common factor of 2556 and 1988.
284
Calculate the highest common divisor of 5 and 265.
5
Calculate the greatest common divisor of 4620 and 825.
165
What is the greatest common factor of 1869 and 14?
7
Calculate the highest common factor of 150 and 1450.
50
Calculate the highest common factor of 322 and 112.
14
Calculate the highest common factor of 2 and 13.
1
Calculate the greatest common divisor of 288 and 828.
36
What is the greatest common divisor of 4186 and 28?
14
What is the greatest common factor of 2175 and 225?
75
What is the highest common divisor of 1336 and 8?
8
Calculate the highest common factor of 2270 and 10.
10
What is the highest common factor of 470 and 376?
94
What is the greatest common factor of 24 and 4866?
6
Calculate the greatest common divisor of 2156 and 220.
44
Calculate the highest common divisor of 270 and 15.
15
What is the highest common divisor of 1342 and 22?
22
What is the highest common divisor of 31407 and 722?
361
What is the greatest common divisor of 3084 and 12?
12
What is the greatest common divisor of 56 and 252?
28
What is the greatest common divisor of 75 and 25?
25
Calculate the greatest common factor of 27 and 1161.
27
What is the greatest common divisor of 1742 and 469?
67
Calculate the highest common divisor of 460 and 270.
10
What is the greatest common divisor of 88 and 154?
22
What is the highest common factor of 7912 and 115?
23
Calculate the highest common divisor of 21 and 483.
21
What is the greatest common factor of 26 and 25142?
26
What is the highest common divisor of 16851 and 492?
123
Calculate the greatest common divisor of 18 and 18.
18
What is the highest common factor of 1212 and 120?
12
What is the greatest common divisor of 52 and 598?
26
Calculate the highest common divisor of 90 and 7110.
90
Calculate the greatest common divisor of 2016 and 1932.
84
What is the highest common divisor of 2 and 197?
1
What is the greatest common divisor of 46 and 322?
46
Calculate the greatest common divisor of 224 and 512.
32
Calculate the greatest common factor of 25 and 400.
25
What is the greatest common factor of 100 and 150?
50
What is the greatest common divisor of 54 and 999?
27
Calculate the highest common divisor of 45578 and 13.
13
Calculate the greatest common factor of 19313 and 89.
89
What is the greatest common divisor of 72 and 1098?
18
What is the highest common factor of 78 and 1326?
78
What is the greatest common factor of 33 and 708?
3
Calculate the greatest common divisor of 1803 and 3.
3
Calculate the highest common factor of 36 and 348.
12
Calculate the highest common factor of 216 and 81.
27
Calculate the greatest common factor of 8 and 832.
8
Calculate the highest common divisor of 856 and 963.
107
What is the highest common factor of 24 and 24?
24
Calculate the greatest common factor of 34 and 34.
34
Calculate the greatest common divisor of 112 and 21.
7
Calculate the greatest common factor of 9487 and 159.
53
Calculate the greatest common divisor of 19 and 931.
19
Calculate the greatest common divisor of 15156 and 36.
36
What is the greatest common divisor of 216 and 162?
54
What is the highest common divisor of 75 and 45?
15
Calculate the highest common divisor of 4775 and 5.
5
Calculate the highest common factor of 29 and 6467.
29
Calculate the highest common divisor of 38628 and 174.
174
What is the highest common factor of 278 and 973?
139
What is the highest common divisor of 8 and 24?
8
What is the greatest common divisor of 248 and 2?
2
What is the highest common factor of 8 and 740?
4
Calculate the highest common divisor of 324 and 72.
36
Calculate the highest common factor of 113 and 7232.
113
What is the greatest common divisor of 3 and 97?
1
What is the highest common divisor of 39 and 117?
39
What is the greatest common factor of 14 and 8?
2
What is the highest common divisor of 3176 and 4?
4
Calculate the greatest common divisor of 468 and 54.
18
Calculate the greatest common factor of 16 and 344.
8
Calculate the highest common factor of 7626 and 744.
186
What is the highest common factor of 693 and 99?
99
Calculate the greatest common divisor of 255 and 165.
15
What is the greatest common divisor of 288 and 738?
18
What is the greatest common factor of 50 and 860?
10
What is the highest common divisor of 210 and 1320?
30
What is the highest common factor of 280 and 19880?
280
What is the greatest common factor of 950 and 125?
25
Calculate the highest common divisor of 225 and 275.
25
What is the greatest common factor of 416 and 117?
13
What is the greatest common factor of 2 and 5?
1
Calculate the greatest common factor of 9 and 4527.
9
Calculate the highest common divisor of 923 and 13.
13
Calculate the highest common divisor of 165 and 8085.
165
What is the greatest common divisor of 3088 and 16?
16
What is the greatest common factor of 110 and 3795?
55
Calculate the greatest common factor of 270 and 1440.
90
Calculate the greatest common divisor of 880 and 33.
11
What is the greatest common factor of 13 and 1313?
13
What is the highest common factor of 217 and 310?
31
What is the highest common divisor of 220 and 484?
44
What is the highest common divisor of 45 and 120?
15
Calculate the greatest common factor of 504 and 5376.
168
What is the highest common divisor of 495 and 585?
45
Wh